{"id":419,"date":"2017-08-15T13:55:55","date_gmt":"2017-08-15T13:55:55","guid":{"rendered":"https:\/\/victorthemes.com\/themes\/groppe\/?page_id=419"},"modified":"2025-06-25T10:27:42","modified_gmt":"2025-06-25T10:27:42","slug":"komiteler","status":"publish","type":"page","link":"https:\/\/yarinasansver.com\/index.php\/komiteler\/","title":{"rendered":"Komiteler"},"content":{"rendered":"<section class=\"wpb-content-wrapper\"><p>[vc_row overlay_dotted=&#8221;&#8221;][vc_column width=&#8221;1\/2&#8243; css=&#8221;.vc_custom_1507715160194{padding-right: 30px !important;}&#8221; el_class=&#8221;grop-col-padding-none&#8221;]<div class=\"panel-group\" id=\"grop-69e37d496da911\" role=\"tablist\" aria-multiselectable=\"true\"><div class=\"panel panel-default  grop-faq-single\"><div class=\"panel-heading  grop-faq-heading\" role=\"tab\" id=\"grop-faqh-69e37d496da910\"><h4 class=\"panel-title\"><a role=\"button\" data-toggle=\"collapse\" data-parent=\"#grop-69e37d496da911\" href=\"#grop-faq-69e37d496da910\" aria-controls=\"grop-faq-69e37d496da910\">\u00dcyelik Komitesi<\/a><\/h4><\/div><div id=\"grop-faq-69e37d496da910\" class=\"panel-collapse collapse  in\" role=\"tabpanel\" aria-labelledby=\"grop-faqh-69e37d496da910\"><div class=\"panel-body  grop-faq-body\">[vc_column_text]<\/p>\n<ul>\n<li>\u00dcye olmak isteyen ki\u015fileri y\u00f6netim kuruluna sunup, onaylanan ki\u015fileri t\u00fcz\u00fckteki kurallar \u00e7er\u00e7evesinde derne\u011fe kat\u0131l\u0131m\u0131n\u0131 sa\u011flamakla,<\/li>\n<li>Dernek \u00fcyelerinin t\u00fcm ileti\u015fim bilgilerini dosyalamakla,<\/li>\n<li>Dernek aidatlar\u0131n\u0131n \u00f6denmesi konusunda, projelere kat\u0131l\u0131m ve birlik beraberlikte olu\u015fan \u00fcyelerdeki d\u00fczensizlikleri y\u00f6netim kurulu karar\u0131 ile gerekli uyar\u0131lar\u0131 yapmak.<\/li>\n<\/ul>\n<p>[\/vc_column_text]<\/div><\/div><\/div><div class=\"panel panel-default  grop-faq-single\"><div class=\"panel-heading  grop-faq-heading\" role=\"tab\" id=\"grop-faqh-69e37d496da911\"><h4 class=\"panel-title\"><a role=\"button\" data-toggle=\"collapse\" data-parent=\"#grop-69e37d496da911\" href=\"#grop-faq-69e37d496da911\" aria-controls=\"grop-faq-69e37d496da911\">Hukuk Komitesi<\/a><\/h4><\/div><div id=\"grop-faq-69e37d496da911\" class=\"panel-collapse collapse \" role=\"tabpanel\" aria-labelledby=\"grop-faqh-69e37d496da911\"><div class=\"panel-body  grop-faq-body\">[vc_column_text]<\/p>\n<p data-start=\"252\" data-end=\"349\">YASAV\u2019\u0131n t\u00fcm faaliyetlerini yasal \u00e7er\u00e7evede s\u00fcrd\u00fcrebilmesi ad\u0131na rehberlik eden Hukuk Komitesi;<\/p>\n<ul data-start=\"350\" data-end=\"581\">\n<li data-start=\"350\" data-end=\"420\">\n<p data-start=\"352\" data-end=\"420\">Dernek \u00e7al\u0131\u015fmalar\u0131n\u0131n mevzuata uygun \u015fekilde y\u00fcr\u00fct\u00fclmesini sa\u011flar,<\/p>\n<\/li>\n<li data-start=\"421\" data-end=\"479\">\n<p data-start=\"423\" data-end=\"479\">Gerekli durumlarda hukuki destek ve dan\u0131\u015fmanl\u0131k sunar,<\/p>\n<\/li>\n<li data-start=\"480\" data-end=\"581\">\n<p data-start=\"482\" data-end=\"581\">\u00dcyeler aras\u0131nda do\u011fabilecek hukuki anla\u015fmazl\u0131klarda \u00e7\u00f6z\u00fcm odakl\u0131 bir bak\u0131\u015f a\u00e7\u0131s\u0131yla hareket eder.<\/p>\n<\/li>\n<\/ul>\n<p data-start=\"583\" data-end=\"699\">Toplumsal fayda \u00fcretirken hukuki sorumluluklar\u0131m\u0131z\u0131 g\u00f6zetir; adalet, hak ve etik de\u011ferleri merkeze alarak ilerleriz.<\/p>\n<p>[\/vc_column_text]<\/div><\/div><\/div><div class=\"panel panel-default  grop-faq-single\"><div class=\"panel-heading  grop-faq-heading\" role=\"tab\" id=\"grop-faqh-69e37d496da912\"><h4 class=\"panel-title\"><a role=\"button\" data-toggle=\"collapse\" data-parent=\"#grop-69e37d496da911\" href=\"#grop-faq-69e37d496da912\" aria-controls=\"grop-faq-69e37d496da912\">Gezi Komitesi<\/a><\/h4><\/div><div id=\"grop-faq-69e37d496da912\" class=\"panel-collapse collapse \" role=\"tabpanel\" aria-labelledby=\"grop-faqh-69e37d496da912\"><div class=\"panel-body  grop-faq-body\">[vc_column_text]<\/p>\n<ul>\n<li>Bu komitede g\u00f6revli ba\u015fkan Y\u00f6netim kurulu karar\u0131 ve oylamas\u0131 ile belirlenen rotalar ile ilgili detayl\u0131 bir ara\u015ft\u0131rma ve \u00e7al\u0131\u015fma yap\u0131p, ilgili birimlerden hizmet ve bedelleri ilgili teklifleri y\u00f6netim kuruluna iletmek.<\/li>\n<li>Se\u00e7ilen \u015firket ile program olu\u015fturmak.<\/li>\n<li>Gidilecek Rota ile ilgili t\u00fcm bilgileri detayl\u0131 program\u0131n s\u00f6zle\u015fmesini \u00fcyelere bildirmek.<\/li>\n<li>Gezinin reklam g\u00f6rselini sosyal medya da payla\u015fmak.<\/li>\n<li>Geziye kat\u0131lacak kat\u0131l\u0131mc\u0131larla ileti\u015fim kurarak onlara gezi hakk\u0131nda destek ve bilgi vermek.<\/li>\n<li>Gezi ba\u015flang\u0131c\u0131ndan sonucuna kadar g\u00fcvenli ve sorunsuz neticelenmesi i\u00e7in t\u00fcm sorumluluklar\u0131 yerine getirmek.<\/li>\n<\/ul>\n<p>[\/vc_column_text]<\/div><\/div><\/div><div class=\"panel panel-default  grop-faq-single\"><div class=\"panel-heading  grop-faq-heading\" role=\"tab\" id=\"grop-faqh-69e37d496da913\"><h4 class=\"panel-title\"><a role=\"button\" data-toggle=\"collapse\" data-parent=\"#grop-69e37d496da911\" href=\"#grop-faq-69e37d496da913\" aria-controls=\"grop-faq-69e37d496da913\">K\u00fclt\u00fcr Ve Sanat Komitesi<\/a><\/h4><\/div><div id=\"grop-faq-69e37d496da913\" class=\"panel-collapse collapse \" role=\"tabpanel\" aria-labelledby=\"grop-faqh-69e37d496da913\"><div class=\"panel-body  grop-faq-body\">[vc_column_text]<\/p>\n<p data-start=\"740\" data-end=\"891\">YASAV\u2019\u0131n topluma ilham veren y\u00fczlerinden biri olan bu komite, k\u00fclt\u00fcrel de\u011ferlerimizi ya\u015fatmak ve sanat\u0131n birle\u015ftirici g\u00fcc\u00fcn\u00fc yaymak amac\u0131yla \u00e7al\u0131\u015f\u0131r.<\/p>\n<ul data-start=\"892\" data-end=\"1095\">\n<li data-start=\"892\" data-end=\"959\">\n<p data-start=\"894\" data-end=\"959\">Tiyatro, konser, sergi ve geleneksel etkinlikler organize eder,<\/p>\n<\/li>\n<li data-start=\"960\" data-end=\"1014\">\n<p data-start=\"962\" data-end=\"1014\">Ge\u00e7mi\u015ften gelece\u011fe uzanan k\u00fclt\u00fcrel k\u00f6pr\u00fcler kurar,<\/p>\n<\/li>\n<li data-start=\"1015\" data-end=\"1095\">\n<p data-start=\"1017\" data-end=\"1095\">Yerel sanat\u00e7\u0131larla i\u015f birlikleri geli\u015ftirerek toplumsal fark\u0131ndal\u0131k yarat\u0131r.<\/p>\n<\/li>\n<\/ul>\n<p data-start=\"1097\" data-end=\"1175\">\u00c7\u00fcnk\u00fc biz inan\u0131yoruz ki, sanatla b\u00fcy\u00fcyen toplumlar daha umutlu yar\u0131nlar kurar.<\/p>\n<p>[\/vc_column_text]<\/div><\/div><\/div><div class=\"panel panel-default  grop-faq-single\"><div class=\"panel-heading  grop-faq-heading\" role=\"tab\" id=\"grop-faqh-69e37d496da914\"><h4 class=\"panel-title\"><a role=\"button\" data-toggle=\"collapse\" data-parent=\"#grop-69e37d496da911\" href=\"#grop-faq-69e37d496da914\" aria-controls=\"grop-faq-69e37d496da914\">Gen\u00e7lik ve Spor Komitesi<\/a><\/h4><\/div><div id=\"grop-faq-69e37d496da914\" class=\"panel-collapse collapse \" role=\"tabpanel\" aria-labelledby=\"grop-faqh-69e37d496da914\"><div class=\"panel-body  grop-faq-body\">[vc_column_text]<\/p>\n<p data-start=\"1216\" data-end=\"1335\">Gelece\u011fimizin teminat\u0131 olan gen\u00e7lerin fiziksel, zihinsel ve sosyal geli\u015fimlerini desteklemek \u00fczere \u00e7al\u0131\u015fan bu komite;<\/p>\n<ul data-start=\"1336\" data-end=\"1513\">\n<li data-start=\"1336\" data-end=\"1384\">\n<p data-start=\"1338\" data-end=\"1384\">Spor temal\u0131 etkinlik ve turnuvalar d\u00fczenler,<\/p>\n<\/li>\n<li data-start=\"1385\" data-end=\"1450\">\n<p data-start=\"1387\" data-end=\"1450\">Gen\u00e7ler aras\u0131nda sosyal ba\u011f kuracak projeleri hayata ge\u00e7irir,<\/p>\n<\/li>\n<li data-start=\"1451\" data-end=\"1513\">\n<p data-start=\"1453\" data-end=\"1513\">Dezavantajl\u0131 gen\u00e7lerin spora eri\u015fimini art\u0131rmay\u0131 hedefler.<\/p>\n<\/li>\n<\/ul>\n<p data-start=\"1515\" data-end=\"1630\">Her \u00e7aban\u0131n bir k\u0131v\u0131lc\u0131m oldu\u011funa inan\u0131r\u0131z. Gen\u00e7lerin enerjisini sosyal faydaya d\u00f6n\u00fc\u015ft\u00fcrmek i\u00e7in hep yanlar\u0131nday\u0131z.<\/p>\n<p>[\/vc_column_text]<\/div><\/div><\/div><div class=\"panel panel-default  grop-faq-single\"><div class=\"panel-heading  grop-faq-heading\" role=\"tab\" id=\"grop-faqh-69e37d496da915\"><h4 class=\"panel-title\"><a role=\"button\" data-toggle=\"collapse\" data-parent=\"#grop-69e37d496da911\" href=\"#grop-faq-69e37d496da915\" aria-controls=\"grop-faq-69e37d496da915\">Network Ve Halkla \u0130li\u015fkiler<\/a><\/h4><\/div><div id=\"grop-faq-69e37d496da915\" class=\"panel-collapse collapse \" role=\"tabpanel\" aria-labelledby=\"grop-faqh-69e37d496da915\"><div class=\"panel-body  grop-faq-body\">[vc_column_text]YASAV ve kamuoyu aras\u0131ndaki ileti\u015fim hatlar\u0131n\u0131 olu\u015fturma ve s\u00fcrd\u00fcrme ile g\u00f6revlidir. Derne\u011fin halkla ili\u015fkiler faaliyetlerini d\u00fczenler, medya ve kamu ile etkin ileti\u015fim sa\u011flar. Derne\u011fin mesaj\u0131n\u0131, bas\u0131l\u0131 yay\u0131nlar, web siteleri, sosyal medya, televizyon veya radyo programlar\u0131 arac\u0131l\u0131\u011f\u0131yla iletir.<\/p>\n<ul>\n<li>Halkla ili\u015fkiler kampanyalar\u0131 ve medya ili\u015fkileri stratejileri geli\u015ftirmek ve uygulamak,<\/li>\n<li>Bas\u0131n b\u00fcltenleri haz\u0131rlamak ve da\u011f\u0131tmak,<\/li>\n<li>Bas\u0131n toplant\u0131s\u0131, lansman vb. halkla ili\u015fkiler etkinlikleri d\u00fczenlemek ve dernek s\u00f6zc\u00fcs\u00fc olarak hizmet vermek,<\/li>\n<li>Bro\u015f\u00fcr, video, sosyal medya mesajlar\u0131 vb. tan\u0131t\u0131m materyalleri d\u00fczenlemek,<\/li>\n<li>Di\u011fer komiteler ile i\u015fbirli\u011fi i\u00e7erisinde \u00e7al\u0131\u015fmak,<\/li>\n<li>Sponsorluklara y\u00f6nelik ara\u015ft\u0131rmalar\u0131 yapmak,<\/li>\n<li>Dernekle ilgili izlenimleri takip ederek kurumun daha iyi tan\u0131t\u0131lmas\u0131n\u0131 ve sayg\u0131nl\u0131\u011f\u0131n\u0131n art\u0131r\u0131lmas\u0131n\u0131 sa\u011flayacak \u00e7al\u0131\u015fmalar yapar.<\/li>\n<\/ul>\n<p>[\/vc_column_text]<\/div><\/div><\/div><\/div>[\/vc_column][vc_column width=&#8221;1\/2&#8243; css=&#8221;.vc_custom_1507715149079{padding-left: 30px !important;}&#8221; el_class=&#8221;grop-col-padding-none&#8221;]<div class=\"panel-group\" id=\"grop-69e37d496dc4c2\" role=\"tablist\" aria-multiselectable=\"true\"><div class=\"panel panel-default  grop-faq-single\"><div class=\"panel-heading  grop-faq-heading\" role=\"tab\" id=\"grop-faqh-69e37d496dc4c0\"><h4 class=\"panel-title\"><a role=\"button\" data-toggle=\"collapse\" data-parent=\"#grop-69e37d496dc4c2\" href=\"#grop-faq-69e37d496dc4c0\" aria-controls=\"grop-faq-69e37d496dc4c0\">E\u011fitim Komitesi<\/a><\/h4><\/div><div id=\"grop-faq-69e37d496dc4c0\" class=\"panel-collapse collapse \" role=\"tabpanel\" aria-labelledby=\"grop-faqh-69e37d496dc4c0\"><div class=\"panel-body  grop-faq-body\">[vc_column_text]<\/p>\n<p data-start=\"1662\" data-end=\"1772\">YASAV\u2019\u0131n kalbinde yer alan bu komite, f\u0131rsat e\u015fitli\u011fi yaratmak ve bilgiye eri\u015fimi g\u00fc\u00e7lendirmek i\u00e7in \u00e7al\u0131\u015f\u0131r.<\/p>\n<ul data-start=\"1773\" data-end=\"1957\">\n<li data-start=\"1773\" data-end=\"1843\">\n<p data-start=\"1775\" data-end=\"1843\">Burs ba\u015fvurular\u0131n\u0131 de\u011ferlendirir, bursiyerlerle birebir ilgilenir,<\/p>\n<\/li>\n<li data-start=\"1844\" data-end=\"1897\">\n<p data-start=\"1846\" data-end=\"1897\">E\u011fitim i\u00e7erikleri ve at\u00f6lye programlar\u0131 haz\u0131rlar,<\/p>\n<\/li>\n<li data-start=\"1898\" data-end=\"1957\">\n<p data-start=\"1900\" data-end=\"1957\">Okul ve s\u0131n\u0131f destek projelerinde koordinasyonu sa\u011flar.<\/p>\n<\/li>\n<\/ul>\n<p data-start=\"1959\" data-end=\"2060\">Her \u00e7ocu\u011fun ve gencin nitelikli e\u011fitime eri\u015fmesini, \u00fclkemizin yar\u0131nlar\u0131 ad\u0131na bir sorumluluk biliriz.<\/p>\n<p>[\/vc_column_text]<\/div><\/div><\/div><div class=\"panel panel-default  grop-faq-single\"><div class=\"panel-heading  grop-faq-heading\" role=\"tab\" id=\"grop-faqh-69e37d496dc4c1\"><h4 class=\"panel-title\"><a role=\"button\" data-toggle=\"collapse\" data-parent=\"#grop-69e37d496dc4c2\" href=\"#grop-faq-69e37d496dc4c1\" aria-controls=\"grop-faq-69e37d496dc4c1\">Sa\u011fl\u0131k Komitesi<\/a><\/h4><\/div><div id=\"grop-faq-69e37d496dc4c1\" class=\"panel-collapse collapse  in\" role=\"tabpanel\" aria-labelledby=\"grop-faqh-69e37d496dc4c1\"><div class=\"panel-body  grop-faq-body\">[vc_column_text]<\/p>\n<ul>\n<li>Sa\u011fl\u0131k alan\u0131nda e\u011fitici ve bilgilendirici sunum\/konferans<\/li>\n<li>\u0130htiya\u00e7 sahibi hastalar\u0131n ila\u00e7\/oda\/tedavileri konusunda destek sa\u011flamak<\/li>\n<li>Sa\u011fl\u0131k bakanl\u0131\u011f\u0131, ile sa\u011fl\u0131k m\u00fcd\u00fcrl\u00fc\u011f\u00fc ve devlet kamu hastaneleriyle YASAV derne\u011fini ad\u0131na ileti\u015fimde olmak<\/li>\n<li>Kan ba\u011f\u0131\u015f\u0131, organ ba\u011f\u0131\u015f\u0131 gibi kamu yarar\u0131na olacak sa\u011fl\u0131k projeleri \u00fcretmek\/ destek sa\u011flamak<\/li>\n<li>Engelli ki\u015filere e\u011fitimleri, ihtiyac\u0131 olan ara\u00e7lar\u0131n teminini sa\u011flamak<\/li>\n<\/ul>\n<p>[\/vc_column_text]<\/div><\/div><\/div><div class=\"panel panel-default  grop-faq-single\"><div class=\"panel-heading  grop-faq-heading\" role=\"tab\" id=\"grop-faqh-69e37d496dc4c2\"><h4 class=\"panel-title\"><a role=\"button\" data-toggle=\"collapse\" data-parent=\"#grop-69e37d496dc4c2\" href=\"#grop-faq-69e37d496dc4c2\" aria-controls=\"grop-faq-69e37d496dc4c2\">Organizasyon Komitesi<\/a><\/h4><\/div><div id=\"grop-faq-69e37d496dc4c2\" class=\"panel-collapse collapse \" role=\"tabpanel\" aria-labelledby=\"grop-faqh-69e37d496dc4c2\"><div class=\"panel-body  grop-faq-body\">[vc_column_text]<\/p>\n<p data-start=\"2098\" data-end=\"2198\">Derne\u011fimizin t\u00fcm sosyal etkinlik, \u015fenlik ve \u00f6zel g\u00fcn programlar\u0131n\u0131 titizlikle planlayan bu komite;<\/p>\n<ul data-start=\"2199\" data-end=\"2386\">\n<li data-start=\"2199\" data-end=\"2254\">\n<p data-start=\"2201\" data-end=\"2254\">Organizasyon s\u00fcre\u00e7lerinin t\u00fcm detaylar\u0131n\u0131 kurgular,<\/p>\n<\/li>\n<li data-start=\"2255\" data-end=\"2323\">\n<p data-start=\"2257\" data-end=\"2323\">Mekan, lojistik, ikram ve g\u00f6n\u00fcll\u00fc g\u00f6rev payla\u015f\u0131mlar\u0131n\u0131 d\u00fczenler,<\/p>\n<\/li>\n<li data-start=\"2324\" data-end=\"2386\">\n<p data-start=\"2326\" data-end=\"2386\">Kat\u0131l\u0131mc\u0131lar\u0131n unutulmaz deneyimler ya\u015famas\u0131 i\u00e7in \u00e7al\u0131\u015f\u0131r.<\/p>\n<\/li>\n<\/ul>\n<p data-start=\"2388\" data-end=\"2475\">YASAV ruhunu yans\u0131tan her bulu\u015fman\u0131n ard\u0131nda, emek ve \u00f6zveriyle \u00e7al\u0131\u015fan bu ekip vard\u0131r.<\/p>\n<p>[\/vc_column_text]<\/div><\/div><\/div><div class=\"panel panel-default  grop-faq-single\"><div class=\"panel-heading  grop-faq-heading\" role=\"tab\" id=\"grop-faqh-69e37d496dc4c3\"><h4 class=\"panel-title\"><a role=\"button\" data-toggle=\"collapse\" data-parent=\"#grop-69e37d496dc4c2\" href=\"#grop-faq-69e37d496dc4c3\" aria-controls=\"grop-faq-69e37d496dc4c3\">Akademi Komitesi<\/a><\/h4><\/div><div id=\"grop-faq-69e37d496dc4c3\" class=\"panel-collapse collapse \" role=\"tabpanel\" aria-labelledby=\"grop-faqh-69e37d496dc4c3\"><div class=\"panel-body  grop-faq-body\">[vc_column_text]<\/p>\n<ul>\n<li>Y\u0131ll\u0131k e\u011fitim programlar\u0131 olu\u015fturmak ve programlara kat\u0131l\u0131m te\u015fvik stratejileri geli\u015ftirmek<\/li>\n<li>\u0130nternet \u00fczerinden \u00fcyelerin h\u0131zl\u0131 ve etkin eri\u015fim sa\u011flayabilece\u011fi i\u00e7erikler ekleyerek, \u00fcye sadakat program\u0131na katk\u0131da bulunmak<\/li>\n<li>Sosyal dinamizm ve toplumsal fayda do\u011frultusunda ke\u015fif, tecr\u00fcbe, deneyim esasl\u0131 at\u00f6lyeler d\u00fczenleyerek derne\u011fe gelir sa\u011flamak<\/li>\n<li>Di\u011fer komiteler ile i\u015f birli\u011fi i\u00e7erisinde \u00e7al\u0131\u015fmak,<\/li>\n<li>Derne\u011fin akademik faaliyet g\u00fcndemlerini takip etme konular\u0131ndan sorumludur.<\/li>\n<\/ul>\n<p>[\/vc_column_text]<\/div><\/div><\/div><div class=\"panel panel-default  grop-faq-single\"><div class=\"panel-heading  grop-faq-heading\" role=\"tab\" id=\"grop-faqh-69e37d496dc4c4\"><h4 class=\"panel-title\"><a role=\"button\" data-toggle=\"collapse\" data-parent=\"#grop-69e37d496dc4c2\" href=\"#grop-faq-69e37d496dc4c4\" aria-controls=\"grop-faq-69e37d496dc4c4\">Hayvan Haklar\u0131 \u0130zleme Komitesi<\/a><\/h4><\/div><div id=\"grop-faq-69e37d496dc4c4\" class=\"panel-collapse collapse \" role=\"tabpanel\" aria-labelledby=\"grop-faqh-69e37d496dc4c4\"><div class=\"panel-body  grop-faq-body\">[vc_column_text]Hayvan haklar\u0131n\u0131 korumak ve s\u00fcrd\u00fcrmek ad\u0131na kamuoyu ara\u015ft\u0131rmas\u0131 ve fark\u0131ndal\u0131k \u00e7al\u0131\u015fmalar\u0131yla birlikte dezavantajl\u0131 gruplardaki ( engelli, ya\u015fl\u0131, g\u00fc\u00e7ten d\u00fc\u015fm\u00fc\u015f ) hayvanlar\u0131n ya\u015famas\u0131 i\u00e7in bir \u015fans olmak ad\u0131na g\u00f6revlidir.<\/p>\n<ul>\n<li>Hayvan haklar\u0131 konusunda t\u00fcz\u00fck olarak spesifik derneklerle i\u015f birli\u011fi i\u00e7inde proje \u00fcretmek,<\/li>\n<li>\u00d6nemli g\u00fcnler ve \u00f6zel zamanlarda hayvan refah\u0131 \u0130\u00e7in haz\u0131rlayaca\u011f\u0131m\u0131z fark\u0131ndal\u0131k \u00e7al\u0131\u015fmalar\u0131yla bas\u0131nda yer almak,<\/li>\n<li>\u00d6zellikle dezavantajl\u0131 gruplar\u0131n ya\u015famas\u0131na \u015fans vermek ad\u0131na s\u00fcrd\u00fcr\u00fclebilir projeler \u00fcretmek,<\/li>\n<li>Hayvan haklar\u0131 konusunda \u00f6zellikle \u00e7ocuklara ve gen\u00e7lere e\u011fitimler d\u00fczenlemek,<\/li>\n<li>Hayvan haklar\u0131 \u0130\u00e7in \u00e7al\u0131\u015fan gruplarla fark\u0131ndal\u0131k \u00e7al\u0131\u015fmalar\u0131 haz\u0131rlamak,<\/li>\n<li>5199 say\u0131l\u0131 kanunu tan\u0131tmak ( hayvan haklar\u0131 kanunu)<\/li>\n<li>Hayvan refah\u0131 ile ilgili yenilik\u00e7i projeleri hayata ge\u00e7irmek i\u00e7in \u00f6nder olmak<\/li>\n<\/ul>\n<p>[\/vc_column_text]<\/div><\/div><\/div><div class=\"panel panel-default  grop-faq-single\"><div class=\"panel-heading  grop-faq-heading\" role=\"tab\" id=\"grop-faqh-69e37d496dc4c5\"><h4 class=\"panel-title\"><a role=\"button\" data-toggle=\"collapse\" data-parent=\"#grop-69e37d496dc4c2\" href=\"#grop-faq-69e37d496dc4c5\" aria-controls=\"grop-faq-69e37d496dc4c5\">Ruh Sa\u011fl\u0131\u011f\u0131 ve Dayan\u0131\u015fma Komitesi<\/a><\/h4><\/div><div id=\"grop-faq-69e37d496dc4c5\" class=\"panel-collapse collapse \" role=\"tabpanel\" aria-labelledby=\"grop-faqh-69e37d496dc4c5\"><div class=\"panel-body  grop-faq-body\">[vc_column_text]<\/p>\n<p data-start=\"2525\" data-end=\"2606\">\u0130yilik yaln\u0131zca maddi destekle de\u011fil, i\u00e7ten bir dokunu\u015fla da ba\u015flar. Bu komite;<\/p>\n<ul data-start=\"2607\" data-end=\"2839\">\n<li data-start=\"2607\" data-end=\"2710\">\n<p data-start=\"2609\" data-end=\"2710\">Hastane ziyaretleri, moral etkinlikleri ve bireysel psikososyal destek s\u00fcre\u00e7lerinde aktif rol al\u0131r,<\/p>\n<\/li>\n<li data-start=\"2711\" data-end=\"2779\">\n<p data-start=\"2713\" data-end=\"2779\">\u00c7ocuklar, kad\u0131nlar ve ya\u015fl\u0131 bireylerle empati temelli ba\u011f kurar,<\/p>\n<\/li>\n<li data-start=\"2780\" data-end=\"2839\">\n<p data-start=\"2782\" data-end=\"2839\">\u0130yile\u015ftirici g\u00fcc\u00fcn bir par\u00e7as\u0131 olarak g\u00f6n\u00fcl ba\u011f\u0131 kurar.<\/p>\n<\/li>\n<\/ul>\n<p data-start=\"2841\" data-end=\"2925\">Bir g\u00fcl\u00fcmsemenin, bir sar\u0131lman\u0131n, bir payla\u015f\u0131m\u0131n hayatlar\u0131 de\u011fi\u015ftirece\u011fine inan\u0131r\u0131z.<\/p>\n<p>[\/vc_column_text]<\/div><\/div><\/div><\/div>[\/vc_column][\/vc_row][vc_row full_width=&#8221;stretch_row_content_no_spaces&#8221; overlay_dotted=&#8221;&#8221; css=&#8221;.vc_custom_1504761531072{margin-top: 80px !important;}&#8221;][vc_column]<div class=\"grop-callout3_area  grop-parlx-69e37d496dd85\"><div class=\"container text-center grop-callout3_cont grop-callout3faq_cont  \"><h2>Bu g\u00fc\u00e7l\u00fc ekibin par\u00e7as\u0131 olmak ister misin?<\/h2>\n<p style=\"font-size: 16px;\">Sende bize kat\u0131larak, hizmet yolunda daha da g\u00fc\u00e7l\u00fc ad\u0131mlarla y\u00fcr\u00fcmemize destek olabilirsin!<\/p>\n<div class=\"calout-btn\"><a class=\"grop-btn grop-btn_overly grop-cause_remor_btn grop-btn-69e37d496df99-uye-ol   vc_custom_1689972941470\" href=\"#0\"><span>\u00dcYE OL<\/span><\/a><\/div><\/div><\/div>[\/vc_column][\/vc_row]<\/p>\n<\/section>","protected":false},"excerpt":{"rendered":"[vc_row overlay_dotted=&#8221;&#8221;][vc_column width=&#8221;1\/2&#8243; css=&#8221;.vc_custom_1507715160194{padding-right: 30px !important;}&#8221; el_class=&#8221;grop-col-padding-none&#8221;][\/vc_column][vc_column width=&#8221;1\/2&#8243; css=&#8221;.vc_custom_1507715149079{padding-left: 30px !important;}&#8221; el_class=&#8221;grop-col-padding-none&#8221;][\/vc_column][\/vc_row][vc_row full_width=&#8221;stretch_row_content_no_spaces&#8221; overlay_dotted=&#8221;&#8221; css=&#8221;.vc_custom_1504761531072{margin-top: 80px !important;}&#8221;][vc_column][\/vc_column][\/vc_row]","protected":false},"author":1,"featured_media":0,"parent":0,"menu_order":0,"comment_status":"closed","ping_status":"closed","template":"","meta":[],"_links":{"self":[{"href":"https:\/\/yarinasansver.com\/index.php\/wp-json\/wp\/v2\/pages\/419"}],"collection":[{"href":"https:\/\/yarinasansver.com\/index.php\/wp-json\/wp\/v2\/pages"}],"about":[{"href":"https:\/\/yarinasansver.com\/index.php\/wp-json\/wp\/v2\/types\/page"}],"author":[{"embeddable":true,"href":"https:\/\/yarinasansver.com\/index.php\/wp-json\/wp\/v2\/users\/1"}],"replies":[{"embeddable":true,"href":"https:\/\/yarinasansver.com\/index.php\/wp-json\/wp\/v2\/comments?post=419"}],"version-history":[{"count":14,"href":"https:\/\/yarinasansver.com\/index.php\/wp-json\/wp\/v2\/pages\/419\/revisions"}],"predecessor-version":[{"id":3134,"href":"https:\/\/yarinasansver.com\/index.php\/wp-json\/wp\/v2\/pages\/419\/revisions\/3134"}],"wp:attachment":[{"href":"https:\/\/yarinasansver.com\/index.php\/wp-json\/wp\/v2\/media?parent=419"}],"curies":[{"name":"wp","href":"https:\/\/api.w.org\/{rel}","templated":true}]}}